lse
Is 171373 prime?
False
Is 43391 a prime number?
True
Is 395107 prime?
True
Is 61463 prime?
True
Is 11771 prime?
False
Is 249 prime?
False
Is 1349471 a composite number?
False
Is 28879 a composite number?
False
Is 115459 a prime number?
True
Is 39707 composite?
True
Is 453085 composite?
True
Is 204893 prime?
False
Is 62547 a prime number?
False
Is 1293991 a prime number?
False
Is 890179 composite?
True
Is 197101 composite?
False
Is 82457 composite?
False
Is 35589 a composite number?
True
Is 122237 a prime number?
False
Is 9221 composite?
False
Is 22613 composite?
False
Is 41047 prime?
True
Is 2213 composite?
False
Is 14243 prime?
True
Is 2939 composite?
False
Is 28643 prime?
True
Is 7517 a composite number?
False
Is 1814789 a prime number?
False
Is 14129 composite?
True
Is 991 a composite number?
False
Is 62273 composite?
False
Is 31469 a composite number?
False
Is 276733 a composite number?
True
Is 244997 composite?
False
Is 128717 composite?
False
Is 1584257 a prime number?
True
Is 27593 a prime number?
False
Is 3293 a composite number?
True
Is 37139 composite?
False
Is 5033 composite?
True
Is 156671 a prime number?
True
Is 183871 prime?
True
Is 228049 a composite number?
False
Is 159719 composite?
True
Is 34049 prime?
False
Is 3943 composite?
False
Is 6833 prime?
True
Is 58657 prime?
True
Is 550541 composite?
False
Is 308003 a prime number?
True
Is 891059 a composite number?
True
Is 386 a composite number?
True
Is 2705 prime?
False
Is 4553 composite?
True
Is 15869 composite?
True
Is 30679 prime?
False
Is 1494301 a composite number?
True
Is 191339 a composite number?
False
Is 2521 a composite number?
False
Is 479 a prime number?
True
Is 3002723 composite?
False
Is 77297 a composite number?
True
Is 53647 composite?
True
Is 63197 a prime number?
True
Is 236819 prime?
False
Is 94634 prime?
False
Is 2173 a composite number?
True
Is 32987 a composite number?
False
Is 6033371 a composite number?
False
Is 302713 prime?
False
Is 20467 composite?
True
Is 18805 a composite number?
True
Is 455921 composite?
False
Is 13121 composite?
False
Is 76085 a composite number?
True
Is 61781 composite?
False
Is 236757 composite?
True
Is 47599 prime?
True
Is 3239 composite?
True
Is 3967 a composite number?
False
Is 88093 a prime number?
True
Is 2277287 prime?
True
Is 5539 prime?
False
Is 1166369 a prime number?
False
Is 3947 prime?
True
Is 241699 a composite number?
True
Is 6899 a prime number?
True
Is 2719987 a prime number?
True
Is 69889 a prime number?
False
Is 27581 composite?
False
Is 44169 prime?
False
Is 33763 a composite number?
True
Is 155069 a prime number?
True
Is 8399 prime?
False
Is 81281 a composite number?
False
Is 635039 composite?
False
Is 213299 a prime number?
False
Is 26407 a composite number?
False
Is 66589 composite?
True
Is 420551 composite?
False
Is 1759 a composite number?
False
Is 937149 prime?
False
Is 3671 a composite number?
False
Is 5171 composite?
False
Is 533443 composite?
True
Is 23303 prime?
False
Is 19451 prime?
False
Is 283343 prime?
False
Is 3377 a prime number?
False
Is 94999 composite?
False
Is 586069 composite?
True
Is 1087 composite?
False
Is 22229 prime?
True
Is 31289 prime?
False
Is 43957 a prime number?
False
Is 1315 prime?
False
Is 151313 a prime number?
False
Is 77081 prime?
True
Is 2437 composite?
False
Is 17882 a composite number?
True
Is 467603 composite?
True
Is 980827 a prime number?
True
Is 4831 prime?
True
Is 97499 composite?
False
Is 15551 a composite number?
False
Is 6289 composite?
True
Is 6356567 composite?
True
Is 38417 a prime number?
False
Is 308603 prime?
False
Is 182987 a composite number?
True
Is 340757 a prime number?
True
Is 12137 composite?
True
Is 75239 prime?
True
Is 19681 prime?
True
Is 64789 composite?
True
Is 4507 a composite number?
False
Is 67159 a prime number?
False
Is 10079 a prime number?
True
Is 1253249 a composite number?
False
Is 16253 a composite number?
False
Is 4195 a prime number?
False
Is 31387 prime?
True
Is 16441 prime?
False
Is 38543 a prime number?
True
Is 582997 prime?
False
Is 2053 a composite number?
False
Is 24251 composite?
False
Is 55373 a prime number?
True
Is 187 prime?
False
Is 76319 prime?
False
Is 3407 a composite number?
False
Is 50981 composite?
True
Is 8131 a composite number?
True
Is 3203 a prime number?
True
Is 555487 a composite number?
False
Is 34009 prime?
False
Is 25939 a prime number?
True
Is 557 composite?
False
Is 4811 prime?
False
Is 11157 prime?
False
Is 593911 composite?
True
Is 9103 composite?
False
Is 41191 a composite number?
True
Is 6761 composite?
False
Is 296819 a composite number?
False
Is 73277 a prime number?
True
Is 25063 a composite number?
True
Is 4791 composite?
True
Is 7901 prime?
True
Is 6197 prime?
True
Is 1176074 a prime number?
False
Is 562997 a prime number?
True
Is 41351 prime?
True
Is 113759 a prime number?
True
Is 415213 prime?
True
Is 10671 prime?
False
Is 16183 a prime number?
True
Is 134741 prime?
True
Is 4987 a prime number?
True
Is 3107 prime?
False
Is 8899 a composite number?
True
Is 11957 prime?
False
Is 2902 prime?
False
Is 289331 a prime number?
False
Is 80819 a prime number?
True
Is 5077 prime?
True
Is 116411 prime?
True
Is 6889 prime?
False
Is 39499 a composite number?
False
Is 268571 a prime number?
False
Is 20743 a prime number?
True
Is 79757 prime?
True
Is 791 a composite number?
True
Is 163367 prime?
True
Is 2837561 prime?
False
Is 595103 prime?
False
Is 83 a prime number?
True
Is 71569 a prime number?
True
Is 185293 a prime number?
False
Is 12889 composite?
False
Is 272551 composite?
True
Is 1537 prime?
False
Is 88823 composite?
True
Is 3127 composite?
True
Is 1255 prime?
False
Is 46199 a composite number?
False
Is 22837 a composite number?
True
Is 14954 composite?
True
Is 13921 a prime number?
True
Is 39781 a composite number?
True
Is 198301 a prime number?
True
Is 4871 a composite number?
False
Is 11351 a composite number?
False
Is 221519 prime?
False
Is 391 a composite number?
True
Is 5906 a composite number?
True
Is 13067 composite?
True
Is 125753 a prime number?
True
Is 83089 a composite number?
False
Is 5791 prime?
True
Is 19913 prime?
True
Is 8157 composite?
True
Is 113345 a composite number?
True
Is 194127 composite?
True
Is 26582 composite?
True
Is 4369 a composite number?
True
Is 2629 a composite number?
True
Is 86683 a composite number?
True
Is 4474 prime?
False
Is 6637 prime?
True
Is 6947 a prime number?
True
Is 350087 a prime number?
True
Is 117269 prime?
True
Is 977 composite?
False
Is 2333 a composite number?
False
Is 577337 composite?
True
Is 22871 a composite number?
False
Is 16869 prime?
False
Is 14395 composite?
True
Is 4393 a composite number?
True
Is 40787 composite?
False
Is 229807 prime?
False
Is 199371 a composite number?
True
Is 822023 prime?
False
Is 31667 a composite number?
False
Is 185161 composite?
False
Is 111937 a prime number?
False
Is 15727 a composite number?
False
Is 50627 prime?
True
Is 519941 prime?
False
Is 1342157 composite?
True
Is 16291 a prime number?
False
Is 145661 prime?
True
Is 114371 a composite number?
False
Is 277883 composite?
False
Is 25105 a composite number?
True
Is 18539 composite?
False
Is 59093 a composite number?
False
Is 3877433 prime?
False
Is 999937 a composite number?
True
Is 1681535 prime?
False
Is 421678 composite?
True
Is 2903 a prime number?
True
Is 430649 a prime number?
True
Is 15802 composite?
True
Is 845499 composite?
True
Is 2495 a prime number?
False
Is 56473 a prime number?
True
Is 4967 prime?
True
Is 289687 prime?
False
Is 3833 prime?
True
Is 57055 a composite number?
True
Is 1044629 composite?
False
Is 6527 composite?
True
Is 24493 composite?
True
Is 64537 a composite number?
True
Is 20087 prime?
False
Is 62547 prime?
False
Is 5311 a prime number?
False
Is 11269 composite?
True
Is 25001 composite?
True
Is 4177 prime?
True
Is 70429 a prime number?
True
Is 65179 prime?
True
Is 497899 composite?
False
Is 569489 a composite number?
True
Is 2269623 prime?
False
Is 19931 prime?
False
Is 1219 a composite number?
True
Is 7901 a composite number?
False
Is 581 a prime number?
False
Is 5981 composite?
False
Is 5669 a composite number?
False
Is 77381 a composite number?
True
Is 168211 composite?
False
Is 713 a composite number?
True
Is 13367 co